e the prime factors of 60/(2/(-10)*(-1)/2)?
2, 3, 5
Suppose a + 3*a - 2*v - 11274 = 0, -5667 = -2*a - 5*v. List the prime factors of a.
7, 13, 31
Let r(v) = 307*v**3 + 5*v**2 - 4*v - 1. List the prime factors of r(1).
307
Let z be (-24)/60 - (-12)/5. List the prime factors of z/12 + (-555)/(-18).
31
Let q = 6391 - 3987. What are the prime factors of q?
2, 601
Let f(b) = b**3 + 5*b**2 - 2*b - 6. Let r be f(-5). Suppose 0 = r*c + 2 + 58. Let o(t) = -3*t - 18. List the prime factors of o(c).
3
Let s(r) be the first derivative of -5/2*r**2 - 4 - 4*r. What are the prime factors of s(-4)?
2
Let a(z) = z - 15. Let w be a(0). Let m(r) = r**3 + 15*r**2 - 12. Let l be m(w). What are the prime factors of (-3)/l - 358/(-8)?
3, 5
Let r(t) = t**2 - 11*t - 12. Let x be r(12). Let i be (x + -26)/(3 + -5). Let c = i - 8. What are the prime factors of c?
5
Let b(v) be the third derivative of -v**5/30 - 2*v**4/3 + v**3/2 - 11*v**2. What are the prime factors of b(-7)?
17
Suppose 2*i = 362 + 1104. What are the prime factors of i?
733
Suppose 0 = 48*b + 15*b - 86814. List the prime factors of b.
2, 13, 53
Let z = -495 + 1531. List the prime factors of z.
2, 7, 37
Suppose s - 9 = 5*g, 6*s - s = 2*g + 22. Suppose 0 = -3*o - s*o + 2170. What are the prime factors of o?
2, 5, 31
Let i(o) be the second derivative of -o**5/20 + o**4/12 - o**3/3 + o**2/2 - 4*o. Let b be i(1). What are the prime factors of b/4 - (-65)/4?
2
Let t(y) = 2*y**2 + 6*y - 12. Let p be t(-5). Let j(g) = -g**2 + 14*g - 28. What are the prime factors of j(p)?
2, 5
Let m = 337 - 487. List the prime factors of ((-112)/(-21) + -6)/(4/m).
5
Suppose -s = 17*s - 18162. List the prime factors of s.
1009
Let a(s) = s**3 - 30*s**2 + 5*s - 59. List the prime factors of a(30).
7, 13
Let t(m) = 2*m - 9. Let s be t(15). Suppose s*j - 17*j = 4. Let k(f) = 63*f**2 + f - 1. List the prime factors of k(j).
3, 7
What are the prime factors of -3*-1923*(-6)/(-54)?
641
Suppose -68 = -5*u + 132. Let c(o) = -17*o - 20*o + u*o - 13. List the prime factors of c(17).
2, 19
Let u = -34 - -56. Let z = u + 36. List the prime factors of z.
2, 29
Suppose j + 2*j = -51. Let u = j - -17. Suppose u = -f + 29 + 9. List the prime factors of f.
2, 19
Suppose 5*x + 5 - 10 = 0. Let o = -71 - x. Let l = 106 + o. What are the prime factors of l?
2, 17
Let p(g) = -2*g**2 - 57*g + 9. What are the prime factors of p(-20)?
349
Suppose -5*p = o - 505, -3*o - 34*p = -32*p - 1554. What are the prime factors of o?
2, 5, 13
Suppose -2*u + 24 = -3*g - 3, g + 61 = 5*u. Let b be (u/6)/((-2)/(-8)). Let w = b - 4. What are the prime factors of w?
2
Suppose 4*k = -5*p - 15, 0 = -5*k - 0*p - p - 3. Suppose k = -5*u - 318 + 948. What are the prime factors of u?
2, 3, 7
Suppose 3*c - 195 = -42. Suppose -29 = -2*m + c. List the prime factors of m.
2, 5
Suppose 5*y + 272 = 862. Suppose -344 - y = -5*o - x, -4*x - 477 = -5*o. List the prime factors of o.
3, 31
Let s(b) = -b**3 + 5*b**2 + 2*b - 7. Let q be s(5). Suppose q*z = 3*o - 18, -3 = 4*o + 4*z + 5. List the prime factors of o.
2
Let r = -104 - -368. Suppose -8*q + 5*q = -r. List the prime factors of q.
2, 11
Suppose -3*n + 2*d + 22 = 0, 2*n + 0*d + d = 3. Let c = -12 - -12. Suppose -n*i + 100 = -c*i. List the prime factors of i.
5
Let f = -265 + 283. What are the prime factors of f?
2, 3
Suppose -4 = -5*d + 2*s + 1, 2*d + 2*s = 16. Suppose d*b + 2*q - 196 = 0, 0*b + 4*q - 256 = -4*b. List the prime factors of b.
2, 17
Let t(m) = -212*m**2 - m - 1. Suppose 0 = -5*j - 3 - 2. Let q be t(j). What are the prime factors of 3/((-12)/q) + 3?
2, 7
List the prime factors of (-70176)/(-120) - 18/(-15).
2, 293
Let h be 14*2/(-8)*-2. Let v(o) = -o**2 + 9*o - 10. Let z be v(h). Suppose -z*w - 54 = -5*g, -2*g + 8 = -0*g - 5*w. What are the prime factors of g?
2, 7
Suppose -2*i = i + i. Suppose 5*d - 1347 = -v, 3*v - 5*v - 6 = i. List the prime factors of d.
2, 3, 5
Let q(f) = 7*f**2 - 11*f + 9. Let w be q(8). Suppose 0 = -2*v + 29 + w. What are the prime factors of v?
199
Let i(y) = -y**2 + y + 2. Let p be i(4). Let u(a) = 5*a - 47. Let o(t) = 2*t - 23. Let k(l) = -7*o(l) + 3*u(l). List the prime factors of k(p).
2, 5
Suppose 68*n - 30890 = 13038. List the prime factors of n.
2, 17, 19
Suppose -3*v - 3*n - 7 = n, 0 = -3*v + 3*n. What are the prime factors of (1/(-2))/((-2)/552) + v?
137
Let x be 46/14 - 3 - 114/(-42). Suppose r = x*v - 3*r - 454, -4*v + 596 = 4*r. What are the prime factors of v?
2, 3, 5
Let s(u) = u**3 + 3*u**2 + 2*u. Let x be s(-2). Suppose x = -4*p + 518 + 250. Suppose 8*n = 12*n - p. List the prime factors of n.
2, 3
Let d = 526 + -185. What are the prime factors of d?
11, 31
Let s(z) = 13*z**2 - 4*z - 4. Let b be s(-3). Suppose -2*f - 10 + 0 = 0, 4*d - f = b. Let p = 20 + d. List the prime factors of p.
2, 5
Suppose s + 91 = 3*j, -5*s - 5*j - 181 - 274 = 0. Let z = 54 - s. What are the prime factors of z?
5, 29
Let n(m) = -3*m - 10. Let y be n(-5). Suppose 4*j + y*z + 260 = 0, 288 = -5*j - 0*j + 3*z. List the prime factors of j/(-2)*(-40)/(-24).
2, 5
Suppose 433 + 1814 = 21*o. What are the prime factors of o?
107
Let n(b) = -b**3 + 4*b**2 + 23*b + 7. Let w(a) = 3*a + 40. Let p be w(-11). List the prime factors of n(p).
3, 7
Suppose 12855 = 33*s - 7242. What are the prime factors of s?
3, 7, 29
Let o = -186 + 322. Suppose 2*q - 2*h - o = 2*h, -92 = -q - 4*h. List the prime factors of q.
2, 19
Suppose -21*p + 9*p = -3312. What are the prime factors of p?
2, 3, 23
Suppose 5*k + 59 = 4*k. Let r = k + 131. Suppose 0 = -4*j + 2*i - 4*i + 102, 3*i + r = 3*j. What are the prime factors of j?
5
Let x(b) = -b**3 + 34*b**2 + 28*b - 62. What are the prime factors of x(32)?
2, 11, 131
Suppose 4*g - 8*z + 3*z - 888 = 0, -2*g + 5*z + 444 = 0. Let m = g - -53. Suppose -4*h = -5*b + m, 4*b = 2*b + 3*h + 110. List the prime factors of b.
5, 11
Let u(g) = g - 2. Let y be u(8). Let p be 160/y*(-18)/(-4). Suppose -3*o + 150 = 5*v, 0*o = -4*v - 4*o + p. List the prime factors of v.
2, 3, 5
Let j(t) = t**2 + 3*t - 5. Let i be j(2). Suppose -d + i*z + 52 = 0, -344 = -8*d + 3*d - 3*z. What are the prime factors of d?
67
Let i be (6/10)/(6/1590). Let p = i - 81. What are the prime factors of p?
2, 3, 13
Suppose 0 = -2*k + v + 4677, 4*k + 3*v = 3418 + 5921. What are the prime factors of k?
3, 19, 41
Suppose 2*l + 168 = -156. Let k be l/(-39) - 10/65. Suppose -5*t + 2*t - 41 = -i, k*i - 2*t = 214. List the prime factors of i.
2, 7
What are the prime factors of (3 - 2)/(14/9478)?
677
Let z(f) = -f + 1. Let o be z(2). What are the prime factors of 4452/140 - 1*o/5?
2
Suppose -10 = -5*j, -4*f + 2*j + 0*j = -60. Let m = f - -62. List the prime factors of m.
2, 3, 13
Let g be 20/(-70) - 60/(-14). Let a = g + -8. Let z = 16 + a. What are the prime factors of z?
2, 3
Let q be 1 + (0 + -2 - -1). Suppose q = 6*x - 4*x - 12. Suppose 0 = j - x*j + 110. What are the prime factors of j?
2, 11
Let v be 2/2 - 4/4. Suppose -7*l = -v*l - 14. What are the prime factors of l?
2
Suppose -11*v = 2*i - 14*v - 5752, -2*i - 4*v + 5752 = 0. List the prime factors of i.
2, 719
Suppose -2*h - 1301 = 4*z - 3661, -z + 3*h = -590. Suppose 6*s - s + 5*w = z, 116 = s - w. What are the prime factors of s?
3, 13
Let v = 19 + -14. Let g(m) = -m + 4. Let n be g(v). Let b(x) = -25*x - 1. What are the prime factors of b(n)?
2, 3
Let k(j) = 5*j**2 - 7*j - 22. List the prime factors of k(12).
2, 307
Suppose 5*n = -4*r + 21, -4*r - 4*n = -7*r + 8. List the prime factors of r.
2
Let g(t) = 5*t - 9. Let c be g(6). Let y = c + -4. Suppose 4*o - 111 = y. What are the prime factors of o?
2
Let z = 2372 + -2224. What are the prime factors of z?
2, 37
Let t = 12841 - 8341. What are the prime factors of t?
2, 3, 5
Let k(l) be the first derivative of -l**2/2 + 8*l - 8. List the prime factors of k(-14).
2, 11
Suppose -3 = 5*b + 37. Let o = b - 7. What are the prime factors of (-5)/(1 - (-18)/o)?
5
Suppose j = -3*b - 41, 154 = -4*j - 3*b + b. Let l = 28 - j. List the prime factors of l.
2, 3, 11
Suppose -239 = -5*h - 224. Suppose -2*g = -h*z - 437, g - z = z + 217. What are the prime factors of g?
223
Let t be (-1)/(-1)*(-22 + -12). Let v = -4 - t. Suppose -3*w = -v - 0. What are the prime factors of w?
2, 5
Suppose 2*s = -a + 1048, -10*a - 2*s = -12*a + 2120. List the 